ber?
False
Is 61222937 a prime number?
True
Is 1820309 composite?
True
Is 94378 a prime number?
False
Is 162070597 a prime number?
False
Is 16500157 prime?
False
Is 63737933 prime?
False
Is 370661 a prime number?
True
Is 232554649 composite?
True
Is 2343389 composite?
False
Is 731350657 prime?
False
Is 56172593 a composite number?
False
Is 8390371 a prime number?
False
Is 18622127 a composite number?
False
Is 645670267 a composite number?
True
Is 4848937 composite?
False
Is 388306241 composite?
True
Is 29712239 composite?
True
Is 1133131 composite?
False
Is 2876717 a prime number?
True
Is 6721469 composite?
False
Is 1579511 a composite number?
False
Is 4691699 composite?
False
Is 8089249 a prime number?
False
Is 8428967 a composite number?
False
Is 5521169 a composite number?
True
Is 676789 a prime number?
False
Is 19273827 a composite number?
True
Is 67407 prime?
False
Is 159281149 prime?
False
Is 56193853 a prime number?
False
Is 28350745 composite?
True
Is 241001417 prime?
True
Is 5209229 composite?
True
Is 40438459 prime?
False
Is 5200421 a prime number?
True
Is 42619439 composite?
True
Is 2001611 composite?
False
Is 518884883 a prime number?
False
Is 44208559 a prime number?
True
Is 48281533 composite?
False
Is 55890011 prime?
False
Is 102559319 a composite number?
True
Is 96137105 composite?
True
Is 942281209 a prime number?
True
Is 431929041 prime?
False
Is 6372781 a composite number?
False
Is 5877211 a prime number?
True
Is 74179031 a prime number?
True
Is 1412087 prime?
True
Is 445634419 composite?
True
Is 15239713 composite?
True
Is 2777167 a prime number?
False
Is 62477846 composite?
True
Is 127679533 a composite number?
True
Is 8585287 composite?
False
Is 135004159 a prime number?
False
Is 28787741 prime?
True
Is 40331869 a prime number?
False
Is 651990859 prime?
False
Is 33241781 composite?
False
Is 2330111 prime?
False
Is 28455289 prime?
True
Is 68413949 composite?
False
Is 61821147 composite?
True
Is 204881 a composite number?
True
Is 561907 a composite number?
False
Is 2033963 prime?
False
Is 3415969 a composite number?
True
Is 435892865 composite?
True
Is 99346019 a prime number?
True
Is 3082303 a composite number?
True
Is 29296453 composite?
True
Is 7169483 a composite number?
True
Is 15771293 a composite number?
False
Is 745441885 prime?
False
Is 3995993 composite?
True
Is 221990617 composite?
False
Is 5793371 a composite number?
False
Is 6612587 a prime number?
False
Is 111209651 prime?
False
Is 2708533 a composite number?
False
Is 1029242 a prime number?
False
Is 206699 prime?
True
Is 268489129 composite?
False
Is 9782647 a composite number?
True
Is 182387 prime?
True
Is 1007927 composite?
True
Is 3806513 prime?
False
Is 481064531 prime?
True
Is 17060621 a prime number?
False
Is 583559807 a composite number?
True
Is 24124549 composite?
True
Is 4768129 prime?
True
Is 240094297 a composite number?
False
Is 19576987 a prime number?
True
Is 5235959 composite?
True
Is 16095559 composite?
False
Is 17962913 composite?
False
Is 711617 a composite number?
False
Is 367082297 prime?
True
Is 106628773 composite?
False
Is 3398183 a prime number?
False
Is 1940469 prime?
False
Is 716293 composite?
True
Is 1508471 a prime number?
True
Is 49055569 prime?
True
Is 261167 a prime number?
True
Is 1598089 a composite number?
False
Is 5799865 a composite number?
True
Is 380508377 a composite number?
False
Is 94365083 prime?
False
Is 72083939 prime?
True
Is 39307813 a composite number?
True
Is 23035669 composite?
True
Is 2051578 composite?
True
Is 2895979 a prime number?
True
Is 14451847 a composite number?
False
Is 29671169 composite?
True
Is 2623483 a composite number?
True
Is 4327313 a composite number?
False
Is 1338419 a composite number?
True
Is 4698847 a prime number?
False
Is 29979119 prime?
True
Is 23592037 composite?
True
Is 57736741 a composite number?
True
Is 85916143 prime?
False
Is 20618639 a prime number?
True
Is 4891961 prime?
True
Is 78498493 composite?
True
Is 157174793 composite?
True
Is 6949237 a prime number?
False
Is 1288769 a composite number?
False
Is 3215923 prime?
True
Is 344174547 a prime number?
False
Is 1101071 a composite number?
False
Is 69517311 a prime number?
False
Is 87802081 prime?
True
Is 4701467 a composite number?
False
Is 15873974 a prime number?
False
Is 25593189 a prime number?
False
Is 5406019 a prime number?
True
Is 1565250443 prime?
True
Is 23749397 composite?
True
Is 1758899 a composite number?
False
Is 2366443 composite?
False
Is 3781873 composite?
False
Is 5143793 prime?
True
Is 776592059 prime?
True
Is 1075138 a prime number?
False
Is 2879399 prime?
True
Is 1134510329 composite?
False
Is 107319049 a prime number?
False
Is 40920367 composite?
False
Is 170786623 prime?
False
Is 49600111 prime?
False
Is 1803947 a prime number?
True
Is 39740321 prime?
True
Is 12742297 composite?
False
Is 18927907 a composite number?
False
Is 274863737 a prime number?
False
Is 10132921 prime?
True
Is 836831 composite?
True
Is 275747699 composite?
False
Is 155398382 a prime number?
False
Is 244087 a composite number?
False
Is 15474463 composite?
True
Is 3721847 composite?
False
Is 441327913 a prime number?
False
Is 1087517 prime?
True
Is 33230219 a prime number?
False
Is 882289 a prime number?
True
Is 2073457 a composite number?
False
Is 1287047 prime?
True
Is 13045597 composite?
False
Is 976751 composite?
True
Is 544662115 prime?
False
Is 7608655 a prime number?
False
Is 30380281 a prime number?
True
Is 4878397 a prime number?
True
Is 842171494 prime?
False
Is 5235179 a prime number?
False
Is 3650051 composite?
False
Is 96721981 a composite number?
False
Is 293169719 composite?
False
Is 3472411 composite?
False
Is 20496919 a prime number?
False
Is 2553937 composite?
False
Is 35231369 a prime number?
True
Is 1949417 prime?
True
Is 1727331 a composite number?
True
Is 1000679 a prime number?
True
Is 4187 composite?
True
Is 70285619 a prime number?
False
Is 33282791 composite?
True
Is 39450343 composite?
True
Is 186764317 a composite number?
False
Is 20083251 prime?
False
Is 19777209 a composite number?
True
Is 572269 a prime number?
True
Is 80013589 a prime number?
True
Is 6260269 a prime number?
True
Is 12228443 composite?
False
Is 488213435 a prime number?
False
Is 324621643 a composite number?
True
Is 155516293 prime?
True
Is 61358651 a composite number?
False
Is 235164959 a composite number?
False
Is 1491041 a composite number?
False
Is 33402191 composite?
False
Is 1911911 composite?
False
Is 51890701 a composite number?
False
Is 774617 prime?
False
Is 21710341 a prime number?
False
Is 46070051 a composite number?
True
Is 1107255997 a composite number?
True
Is 50849027 a prime number?
False
Is 9894083 composite?
False
Is 13149887 a composite number?
False
Is 73430677 a composite number?
True
Is 1696229 a prime number?
False
Is 75980579 a prime number?
False
Is 2163809 a composite number?
False
Is 47913587 a composite number?
False
Is 68111389 a prime number?
True
Is 19603919 a prime number?
True
Is 10935641 composite?
True
Is 436229 composite?
True
Is 3428099 a prime number?
True
Is 58735073 prime?
False
Is 440124427 prime?
True
Is 1650121 a composite number?
True
Is 198326017 prime?
False
Is 3546118 a prime number?
False
Is 284789881 composite?
False
Is 6653429 prime?
True
Is 34214777 composite?
True
Is 550454659 a composite number?
False
Is 10862843 prime?
False
Is 5880313 prime?
False
Is 74569681 a composite number?
False
Is 823093 a prime number?
False
Is 62984683 composite?
True
Is 10530517 composite?
True
Is 2096621 a composite number?
False
Is 9985169 prime?
True
Is 31742647 a prime number?
True
Is 3218095 a composite number?
True
Is 48123397 a composite number?
True
Is 5613407 prime?
True
Is 1992187 a prime number?
False
Is 133877129 a prime number?
False
Is 10098863 composite?
True
Is 50786683 prime?
True
Is 56788411 composite?
False
Is 12360237 a prime number?
False
Is 456741539 composite?
False
Is 22434077 composite?
False
Is 1075635553 prime?
True
Is 27272933 prime?
False
Is 884857 prime?
True
Is 614981861 composite?
True
Is 6122101 prime?
True
Is 13893839 a prime number?
True
Is 14507303 prime?
True
Is 1626103 composite?
True
Is 288418279 prime?
True
Is 9605147 a prime number?
False
Is 12529186 a prime